{"id":15,"date":"2020-12-03T17:20:54","date_gmt":"2020-12-03T17:20:54","guid":{"rendered":"https:\/\/cmolteni.eu\/?page_id=15"},"modified":"2021-01-10T10:36:22","modified_gmt":"2021-01-10T10:36:22","slug":"blog","status":"publish","type":"page","link":"https:\/\/cmolteni.eu\/?page_id=15","title":{"rendered":"Blog"},"content":{"rendered":"\n<p>Ci sono pensieri, frasi, interi libri che ci ricordano quanto la giustizia sia un&#8217;esigenza innata in ognuno di noi. E quanto spesso ce ne si dimentichi.<\/p>\n\n\n\n<p>In questa pagina inserisco alcuni di quei pensieri.  Quasi un blog&#8230;<\/p>\n\n\n\n<p class=\"has-normal-font-size\"><em>&#8220;<strong>U<\/strong>na visione realmente etica, umanistica, della giustizia \u00e8 quella che dalla uguaglianza formale dei cittadini dinanzi alla legge procede verso l&#8217;uguaglianza sostanziale di quegli stessi cittadini -l&#8217;uguaglianza delle opportunit\u00e0- per poi avviarsi verso il difficile ma ineludibile ambito delle questioni relative all&#8217;uguaglianza degli umani.<\/em> <em>Una sfida la cui enorme difficolt\u00e0 pu\u00f2 provocare reazioni diametralmente opposte. La rassegnazione o il suo contrario: la ribellione. Pu\u00f2 sembrare paradossale, ma la parola giustizia non pu\u00f2 fare a meno della parola ribellione.<\/em>&#8221; [G.Carofiglio, da La manomissione delle parole]<\/p>\n\n\n\n<p class=\"has-text-align-center has-accent-color has-text-color\">*<\/p>\n\n\n\n<p class=\"has-normal-font-size\">&#8220;<strong>I<\/strong>o mi chiedo perch\u00e9 passo la vita<br>a ripetermi: &#8220;Questo s&#8217;ha da fare&#8221;,<br>quando per farlo ho causa, volont\u00e0,<br>e forza e mezzi. Ed a spronarmi a tanto<br>ci sono esempi grandi come il mondo:<br>ne sia testimonianza questo esercito,<br>massiccio d&#8217;uomini e d&#8217;armamenti,<br>guidato da un gentil giovine principe<br>che tutto gonfio di sacra ambizione<br>fa le boccacce all&#8217;invisibil fato,<br>esponendo ci\u00f2 ch&#8217;\u00e8 mortale e incerto<br>a tutto quello che Fortuna e Morte<br>ardiscono arrischiar contro di lui.<br>E tutto questo per un guscio d&#8217;uovo!<br>Vera grandezza non fu mai combattere<br>senza grandi motivi;<br>ma \u00e8 pur grande trovar causa di lite<br>in una paglia, quando l&#8217;onore \u00e8 in gioco.&#8221;  [W. Shakespeare, da Hamlet] <\/p>\n\n\n\n<p class=\"has-text-align-center has-accent-color has-text-color has-normal-font-size\">*<\/p>\n\n\n\n<p><\/p>\n\n\n\n<blockquote class=\"wp-block-quote is-layout-flow wp-block-quote-is-layout-flow\"><p>&#8220;<strong>S<\/strong>alta in piedi, Sancho, \u00e8 tardi, non vorrai dormire ancora,<\/p><p>Solo i cinici e i codardi non si svegliano all&#8217;aurora:<\/p><p>Per i primi \u00e8 indifferenza e disprezzo dei valori<\/p><p>E per gli altri \u00e8 riluttanza nei confronti dei doveri.<\/p><p>L&#8217;ingiustizia non \u00e8 il solo male che divora il mondo,<\/p><p>Anche l&#8217;anima dell&#8217;uomo ha toccato spesso il fondo,<\/p><p>Ma dobbiamo fare presto perch\u00e9 pi\u00f9 che il tempo passa<\/p><p>Il nemico si fa d&#8217;ombra e s&#8217;ingarbuglia la matassa&#8230;&#8221; <\/p><cite>[Guccini &#8211; Dati -Orlandi, Don Chisciotte] <br><br><\/cite><\/blockquote>\n\n\n\n<figure class=\"wp-block-embed is-type-video is-provider-youtube wp-block-embed-youtube wp-embed-aspect-16-9 wp-has-aspect-ratio\"><div class=\"wp-block-embed__wrapper\">\n<iframe loading=\"lazy\" title=\"DON CHISCIOTTE - Francesco Guccini\" width=\"580\" height=\"326\" src=\"https:\/\/www.youtube.com\/embed\/76o3AFqIE80?feature=oembed\" frameborder=\"0\" allow=\"accelerometer; autoplay; clipboard-write; encrypted-media; gyroscope; picture-in-picture; web-share\" referrerpolicy=\"strict-origin-when-cross-origin\" allowfullscreen><\/iframe>\n<\/div><\/figure>\n\n\n\n<p class=\"has-text-align-center has-accent-color has-text-color\">*<\/p>\n\n\n\n<pre class=\"wp-block-preformatted\"><\/pre>\n\n\n\n<p class=\"has-text-align-center\"><\/p>\n","protected":false},"excerpt":{"rendered":"<p>Ci sono pensieri, frasi, interi libri che ci ricordano quanto la giustizia sia un&#8217;esigenza innata in ognuno di noi. E quanto spesso ce ne si dimentichi. In questa pagina inserisco alcuni di quei pensieri. Quasi un blog&#8230; &#8220;Una visione realmente etica, umanistica, della giustizia \u00e8 quella che dalla uguaglianza formale dei cittadini dinanzi alla legge [&hellip;]<\/p>\n","protected":false},"author":1,"featured_media":0,"parent":0,"menu_order":0,"comment_status":"closed","ping_status":"closed","template":"","meta":{"footnotes":""},"class_list":["post-15","page","type-page","status-publish","hentry"],"_links":{"self":[{"href":"https:\/\/cmolteni.eu\/index.php?rest_route=\/wp\/v2\/pages\/15","targetHints":{"allow":["GET"]}}],"collection":[{"href":"https:\/\/cmolteni.eu\/index.php?rest_route=\/wp\/v2\/pages"}],"about":[{"href":"https:\/\/cmolteni.eu\/index.php?rest_route=\/wp\/v2\/types\/page"}],"author":[{"embeddable":true,"href":"https:\/\/cmolteni.eu\/index.php?rest_route=\/wp\/v2\/users\/1"}],"replies":[{"embeddable":true,"href":"https:\/\/cmolteni.eu\/index.php?rest_route=%2Fwp%2Fv2%2Fcomments&post=15"}],"version-history":[{"count":7,"href":"https:\/\/cmolteni.eu\/index.php?rest_route=\/wp\/v2\/pages\/15\/revisions"}],"predecessor-version":[{"id":156,"href":"https:\/\/cmolteni.eu\/index.php?rest_route=\/wp\/v2\/pages\/15\/revisions\/156"}],"wp:attachment":[{"href":"https:\/\/cmolteni.eu\/index.php?rest_route=%2Fwp%2Fv2%2Fmedia&parent=15"}],"curies":[{"name":"wp","href":"https:\/\/api.w.org\/{rel}","templated":true}]}}